e 13, what is -5 - -12122?
1211a
In base 3, what is -20 + 12222211?
12222121
In base 9, what is 435 + 17505?
18041
In base 15, what is -1b78 - 93?
-1c1b
In base 4, what is 22 - -133111322?
133112010
In base 10, what is 34 + -93625?
-93591
In base 2, what is -11100011110011 - -100?
-11100011101111
In base 7, what is -1164555 + -4?
-1164562
In base 12, what is -5 + 388916?
388911
In base 7, what is -5542 - -106?
-5433
In base 15, what is -38 - 4dc1?
-4e09
In base 7, what is 355631 - 0?
355631
In base 2, what is 10 - 101000111111?
-101000111101
In base 6, what is 5054 - 2?
5052
In base 6, what is -212510 - -3?
-212503
In base 10, what is -4 + 14472?
14468
In base 10, what is -93242 - 31?
-93273
In base 3, what is -1200 + -2000120121?
-2000122021
In base 6, what is -1343111 + 40?
-1343031
In base 15, what is 3 - 10d0?
-10cc
In base 13, what is 3 - 3872?
-386c
In base 8, what is 1575 + 36?
1633
In base 4, what is 0 + -1213123?
-1213123
In base 16, what is 6299 + -3?
6296
In base 4, what is 10103101 + -3?
10103032
In base 2, what is 1011010010011100111 - 11?
1011010010011100100
In base 10, what is 1684 - 564?
1120
In base 7, what is 1331 - -2131?
3462
In base 2, what is -10001101 - 101000111010011?
-101001001100000
In base 16, what is 44 + 649d?
64e1
In base 2, what is -101000110111 + -11?
-101000111010
In base 16, what is 98 + 1fa?
292
In base 11, what is -2328 + -10?
-2338
In base 4, what is 1210020 - 2301?
1201113
In base 3, what is 1 + 2022222012010?
2022222012011
In base 7, what is 36 + 3356?
3425
In base 14, what is 94 + -1dab?
-1d17
In base 3, what is 1211 - -20012211?
20021122
In base 8, what is -11 - 116411?
-116422
In base 11, what is 55 - 416?
-371
In base 5, what is -302041 + -23?
-302114
In base 12, what is -b7741 - -2?
-b773b
In base 9, what is -10 - 12558?
-12568
In base 3, what is -1101010210 + -11?
-1101010221
In base 3, what is 2 - 1121010200?
-1121010121
In base 6, what is -21544 - -10?
-21534
In base 10, what is 23707 - 14?
23693
In base 12, what is -3 - 40940?
-40943
In base 9, what is -5 - -1140833?
1140827
In base 9, what is -2 + 160811?
160808
In base 5, what is 103432 - 443?
102434
In base 5, what is -1 + -104311413?
-104311414
In base 10, what is -1 - -206522?
206521
In base 2, what is 1100 - -1000001?
1001101
In base 11, what is 1985a + -2?
19858
In base 4, what is 2 + 11301322301?
11301322303
In base 9, what is -47 - 847?
-1005
In base 12, what is -6919b + -b?
-691aa
In base 9, what is 50 - 21766?
-21716
In base 6, what is -4142 - -4504?
322
In base 14, what is -128d3 + 7?
-128ca
In base 9, what is -31 + 26141?
26110
In base 16, what is b21 + -9?
b18
In base 10, what is 320240 + -1?
320239
In base 16, what is -2 + 28a3?
28a1
In base 2, what is -110100011 + -111010110011?
-1000001010110
In base 2, what is -1001 + -1100101101?
-1100110110
In base 10, what is 311357 - -2?
311359
In base 14, what is 1 - -1380?
1381
In base 5, what is -1432 + 1022414?
1020432
In base 10, what is -2899 - -144?
-2755
In base 12, what is 1 + 80659?
8065a
In base 11, what is 176aa8 - -10?
177008
In base 6, what is 3053 - -144?
3241
In base 5, what is 214 + 24212?
24431
In base 8, what is -45 - -6252?
6205
In base 16, what is df16 + 5?
df1b
In base 9, what is 4 - 82710?
-82705
In base 11, what is 5 + -229134?
-22912a
In base 3, what is -121220120011201 - 2?
-121220120011210
In base 11, what is 32123 + 0?
32123
In base 3, what is 2010012 + 220120?
10000202
In base 13, what is -1829 - 14?
-1840
In base 7, what is -6056 + -23?
-6112
In base 2, what is 1001110100000 - 110100010?
1000111111110
In base 13, what is -a82 - -5?
-a7a
In base 9, what is -4 + -782250?
-782254
In base 2, what is 11100010100010111 + -100?
11100010100010011
In base 3, what is 1012 + -10112100211?
-10112022122
In base 4, what is -1332100 - -11?
-1332023
In base 10, what is -3586 - 2?
-3588
In base 16, what is -1c - 70a?
-726
In base 2, what is -110000 + -1010001010000?
-1010010000000
In base 10, what is -470 + 10?
-460
In base 6, what is -1504 + -2312?
-4220
In base 4, what is -222010 + 20223?
-201121
In base 11, what is -29 - 1725?
-1753
In base 15, what is -1d + -17acd?
-17aeb
In base 2, what is -101010111000101001 - -1100?
-101010111000011101
In base 14, what is 370d7 - -2?
370d9
In base 10, what is -109748 - 0?
-109748
In base 13, what is 54a - -33?
580
In base 3, what is -102 - -22200011?
22122202
In base 13, what is -3 - -408614?
408611
In base 8, what is -40246 - 3?
-40251
In base 8, what is -2241 + -2?
-2243
In base 13, what is 18 - -1265?
1280
In base 2, what is -11111011010101101 - 101?
-11111011010110010
In base 3, what is 1222000 - 2122?
1212101
In base 10, what is -6 + -632?
-638
In base 3, what is -12200 - 1020201?
-1110101
In base 7, what is 30 - 11064?
-11034
In base 13, what is 6b8c + -13?
6b79
In base 10, what is 29991 + -7?
29984
In base 6, what is -511434 + 2?
-511432
In base 5, what is 1413 + -102231?
-100313
In base 15, what is 4 + 123298?
12329c
In base 10, what is -795 - 3687?
-4482
In base 6, what is 11032301 - -5?
11032310
In base 6, what is 12301352 + -5?
12301343
In base 7, what is 31 - 153421?
-153360
In base 12, what is -1970 + 97?
-1895
In base 2, what is 11010001111110 - 1?
11010001111101
In base 13, what is -88c74 - 0?
-88c74
In base 4, what is 110022002 - 312?
110021030
In base 3, what is 22022121 + -1010?
22021111
In base 16, what is 1a28c + 3?
1a28f
In base 2, what is -1000100010001010001110 - -1?
-1000100010001010001101
In base 12, what is 7 + 7148?
7153
In base 15, what is 481 + -32?
44e
In base 9, what is -3 - 1715?
-1718
In base 16, what is 15e + 8?
166
In base 8, what is 23443 + -3?
23440
In base 14, what is -bb4 + 4?
-bb0
In base 2, what is 100111011 + 1010111?
110010010
In base 6, what is -1225214 + 3?
-1225211
In base 15, what is 1 - -ca51?
ca52
In base 13, what is -6a6 + 6?
-6a0
In base 10, what is 16558 + 23?
16581
In base 10, what is 1242 + 1148?
2390
In base 6, what is 1324 - -1521?
3245
In base 2, what is 10 - -101001101111?
101001110001
In base 10, what is -16 + 58959?
58943
In base 10, what is -95 + -29746?
-29841
In base 8, what is -2057 + -3111?
-5170
In base 10, what is 27224 + -3?
27221
In base 5, what is 3 + 14404321?
14404324
In base 16, what is -128ef - -4?
-128eb
In base 9, what is -45 - -5208?
5153
In base 9, what is 47736 + 3?
47740
In base 2, what is 1011000001101 - 1?
1011000001100
In base 8, what is -1 + 71140?
71137
In base 14, what is 1a6 - 6?
1a0
In base 15, what is -21 - -3bc?
39b
In base 8, what is 10724044 + 5?
10724051
In base 11, what is 156a2 - 86?
15617
In base 13, what is -3 + -74a8?
-74ab
In base 13, what is -2 - 20431?
-20433
In base 3, what is 11200 - 10021?
1102
In base 12, what is 150 - 601?
-471
In base 2, what is -11 - -100100000000?
100011111101
In base 6, what is 35345220 - -3?
35345223
In base 6, what is 1 - -10505231?
10505232
In base 15, what is 15d8 + 9?
15e2
In base 11, what is -928 + 26?
-902
In base 12, what is -77483 + -2?
-77485
In base 13, what is 18a98 + -1?
18a97
In base 8, what is -656 - -1343?
465
In base 14, what is 27779 + 2?
2777b
In base 10, what is 3216416 + 1?
3216417
In base 2, what is -11001100 + -11010100101011?
-11010111110111
In base 16, what is -4 + -9d93?
-9d97
In base 4, what is 13 + -102023122?
-102023103
In base 5, what is -1022 + 234?
-233
In base 11, what is -4 + 60309?
60305
In base 11, what is 417 + 71?
488
In base 13, what is -6a - -48?
-22
In base 13, what is a3775 + 1?
a3776
In base 11, what is 35161 + -2?
3515a
In base 13, what is -9 + -23361?
-2336a
In base 9, what is -280 + -3810?
-4200
In base 14, what is -371 + -c6?
-457
In base 10, what is -11 - -22003?
21992
In base 16, what is -2 - -5d76?
5d74
In base 11, what is 198586 - 1?
198585
In base 11, what is 18417 + 0?
18417
In base 7, what is 1314 + -141?
1143
In base 16, what is 38a - 1aa?
1e0
In base 13, what is -614 - 10b?
-722
In base 8, what is 750626 + 0?
750626
In base 15, what is 11bc - 1ae?
100d
In base 5, what is -3222140 - -2?
-3222133
In base 7, what is -43411 + -22?
-43433
In base 12, what is 2 - -19474?
19476
In base 2, what is -11010110 + 11001010011010?
11000111000100
In base 9, what is -444 + 7?
-436
In base 3, what is -100100021 + -1021?
-100101112
In base 9, what is 3108 + 1?
3110
In ba